{"id":180,"date":"2025-09-19T09:23:27","date_gmt":"2025-09-19T09:23:27","guid":{"rendered":"https:\/\/afasetimig.com\/?page_id=180"},"modified":"2025-09-19T12:18:20","modified_gmt":"2025-09-19T12:18:20","slug":"sethomes","status":"publish","type":"page","link":"https:\/\/afasetimig.com\/index.php\/sethomes\/","title":{"rendered":"Sethomes"},"content":{"rendered":"\n<figure class=\"wp-block-image size-large\"><img loading=\"lazy\" decoding=\"async\" width=\"1024\" height=\"267\" src=\"https:\/\/afasetimig.com\/wp-content\/uploads\/2020\/11\/cropped-20071023131127-1024x267.jpg\" alt=\"\" class=\"wp-image-12\" srcset=\"https:\/\/afasetimig.com\/wp-content\/uploads\/2020\/11\/cropped-20071023131127-1024x267.jpg 1024w, https:\/\/afasetimig.com\/wp-content\/uploads\/2020\/11\/cropped-20071023131127-300x78.jpg 300w, https:\/\/afasetimig.com\/wp-content\/uploads\/2020\/11\/cropped-20071023131127-768x200.jpg 768w, https:\/\/afasetimig.com\/wp-content\/uploads\/2020\/11\/cropped-20071023131127-1536x400.jpg 1536w, https:\/\/afasetimig.com\/wp-content\/uploads\/2020\/11\/cropped-20071023131127-600x156.jpg 600w, https:\/\/afasetimig.com\/wp-content\/uploads\/2020\/11\/cropped-20071023131127.jpg 1920w\" sizes=\"auto, (max-width: 1024px) 100vw, 1024px\" \/><\/figure>\n\n\n\n<p>Aquest \u00e9s el gegant de l&#8217;Escola Cam\u00ed del Mig, un dels gegants m\u00e9s eixerit i ben plantat de Matar\u00f3!<\/p>\n\n\n\n<p>Aqu\u00ed anirem penjant les seves aventures.<\/p>\n\n\n\n<figure class=\"wp-block-embed aligncenter is-type-video is-provider-youtube wp-block-embed-youtube wp-embed-aspect-16-9 wp-has-aspect-ratio\"><div class=\"wp-block-embed__wrapper\">\n<iframe loading=\"lazy\" title=\"Sethomes de l&#039;Escola Cam\u00ed del mig\" width=\"832\" height=\"468\" src=\"https:\/\/www.youtube.com\/embed\/54GEGmeCFXE?feature=oembed\" frameborder=\"0\" allow=\"accelerometer; autoplay; clipboard-write; encrypted-media; gyroscope; picture-in-picture\" allowfullscreen><\/iframe>\n<\/div><\/figure>\n\n\n\n<p><\/p>\n","protected":false},"excerpt":{"rendered":"<p>Aquest \u00e9s el gegant de l&#8217;Escola Cam\u00ed del Mig, un dels gegants m\u00e9s eixerit i ben plantat de Matar\u00f3! Aqu\u00ed anirem penjant les seves aventures.<\/p>\n","protected":false},"author":1,"featured_media":0,"parent":0,"menu_order":0,"comment_status":"closed","ping_status":"closed","template":"","meta":{"footnotes":""},"class_list":["post-180","page","type-page","status-publish","hentry"],"_links":{"self":[{"href":"https:\/\/afasetimig.com\/index.php\/wp-json\/wp\/v2\/pages\/180","targetHints":{"allow":["GET"]}}],"collection":[{"href":"https:\/\/afasetimig.com\/index.php\/wp-json\/wp\/v2\/pages"}],"about":[{"href":"https:\/\/afasetimig.com\/index.php\/wp-json\/wp\/v2\/types\/page"}],"author":[{"embeddable":true,"href":"https:\/\/afasetimig.com\/index.php\/wp-json\/wp\/v2\/users\/1"}],"replies":[{"embeddable":true,"href":"https:\/\/afasetimig.com\/index.php\/wp-json\/wp\/v2\/comments?post=180"}],"version-history":[{"count":4,"href":"https:\/\/afasetimig.com\/index.php\/wp-json\/wp\/v2\/pages\/180\/revisions"}],"predecessor-version":[{"id":209,"href":"https:\/\/afasetimig.com\/index.php\/wp-json\/wp\/v2\/pages\/180\/revisions\/209"}],"wp:attachment":[{"href":"https:\/\/afasetimig.com\/index.php\/wp-json\/wp\/v2\/media?parent=180"}],"curies":[{"name":"wp","href":"https:\/\/api.w.org\/{rel}","templated":true}]}}